tive of -f**3/2 - 7*f**2/2 + 62*f. Let y be m(-29). Calculate the highest common divisor of z and y.
16
Suppose 4058 = 33*c - 6172. Calculate the greatest common factor of 62 and c.
62
Let k = 194 + -202. Let m(x) = -10*x - 62. Let j be m(k). Let q(f) = -6*f. Let o be q(-2). What is the highest common factor of o and j?
6
Let k = -17 - -32. Suppose m + 2*w = -2*w + k, 2*w = -10. Suppose 14 - m = -7*g. Calculate the highest common divisor of 2 and g.
1
Suppose -9*o + 3*z = -4*o - 12, -5 = -2*o + z. Let m(x) = 8*x**2 - 3*x - 8. Let a be m(o). Let l = -16 + a. What is the highest common divisor of l and 26?
13
Let a = -409354 + 409362. Suppose 4*f = -3*v + 38, -v = 5*f - 0*f - 42. What is the highest common factor of f and a?
8
Let p be 4467 - ((-47 - -43 - (-12)/(-2)) + 5). What is the highest common divisor of 129 and p?
43
Let l = 7 + -3. Suppose -5*s - 5 = 5*o, 0*o = -l*s - 3*o. Suppose 1 = 2*y + s*m - 2, 0 = -5*y - 3*m + 30. What is the highest common divisor of 63 and y?
9
Suppose 7018 = -33*c + 70*c - 15*c. What is the greatest common factor of c and 1044?
29
Let j = 362 + -160. Suppose 72 - j = -5*t. Let i = -98 - -163. What is the highest common divisor of t and i?
13
Let x(i) = -30*i**3 + 12*i**2 - 5*i - 24. Let d be x(-5). Suppose 5*g = w + d, -3*g - w + 2425 = 4*w. What is the highest common divisor of g and 10?
10
Let b be 3/(45/24)*(715/52 + 15). Let z = -59 - -174. Calculate the greatest common factor of b and z.
23
Let m be (-2)/((-4)/4 - -2). Let o(r) = 6*r**2 + 2*r + 3. Let y be o(m). What is the greatest common divisor of y and 69?
23
Let k = 605 + -146. What is the highest common divisor of 204 and k?
51
Let j(k) = 2*k**3 + 46*k**2 - 34*k + 11. Let b be j(-23). What is the highest common factor of b and 244?
61
Suppose 4*j = 5*j + c + 3, -j = -4*c - 22. Suppose 2*w - 792 = -j*w. Calculate the highest common divisor of 72 and w.
18
Suppose 5*x + 596 = 5*l + 1906, 0 = 2*x - 3*l - 518. Calculate the highest common factor of 335 and x.
67
Suppose -244*x - 400 = -264*x. What is the greatest common divisor of x and 1300?
20
Suppose 12*z - 8*z = 5*c - 68, 0 = -4*c + 3*z + 54. Let f be 8/10*(2 - -28). Calculate the greatest common factor of c and f.
12
Let p = 3355 - 144. Calculate the greatest common factor of p and 19.
19
Let q = 14 - 10. Suppose 6*r - q*r + 4*g = 28, 3*g = 2*r - 56. Let i be (24/(-5))/((-276)/5060). Calculate the greatest common divisor of i and r.
22
Let c(o) = 49*o**3 + 4*o**2 + 34*o - 154. Let r be c(4). Calculate the greatest common divisor of r and 111.
37
Suppose 0 = x - 0 - 6. Suppose 12 = 3*m, -2*m + 26 + 78 = 4*o. Suppose -w = 3*a + 8, 2*w = 2*a - 8 + o. Calculate the highest common divisor of x and w.
2
Suppose -29*k + 4819 = 1687. What is the greatest common factor of 612 and k?
36
Let w be (1060/7)/((-4470)/(-210) + -21). Calculate the greatest common divisor of w and 14946.
106
Let z be (12/(-2) - -1)*-1. Let x be (20/(-9) - -2)*(-162)/9. Let g be 50 + (-5 - (x - 4)). What is the greatest common divisor of g and z?
5
Let b(x) be the first derivative of 9*x**2 - 132*x - 90. Let i be b(10). What is the highest common factor of 36 and i?
12
Let w(r) = 27*r - 1. Let d be w(5). Let u be 8 - (-58 - (8 + 0 - 7)). What is the highest common divisor of u and d?
67
Let d(q) = -527*q**2 - 3*q - 1. Let v be d(-1). Let u = 533 + v. Suppose 2*j = 7*j - 60. Calculate the highest common factor of u and j.
4
Let b = 127 + -82. Let y = -5 + b. What is the greatest common factor of y and 4?
4
Let f be 0 + (484 - 0) - -2. Let g(d) = -d**3 + 356*d**2 - 1390*d - 6330. Let x be g(352). Calculate the highest common divisor of x and f.
6
Let s = 372 - 192. Let z(g) = g**2 + 17*g - 18. Let t be z(-19). Calculate the greatest common factor of s and t.
20
Suppose 0*f = 4*f - 24. Suppose f + 48 = p. Suppose 844*l = 808*l + 1296. What is the highest common factor of l and p?
18
Suppose 4*i - 47 = -u - 15, -4*u + 5*i = -107. What is the highest common divisor of u and 84?
28
Suppose 5 = 2*c - h, -c = -5*c + h + 13. Suppose -3*j + 47 = -5*l, 2*j + 2*j - 76 = c*l. What is the highest common divisor of j and 192?
24
Let a = 1125 - 756. Calculate the greatest common divisor of a and 2091.
123
Suppose -46*o - 13*o = 75*o - 294398. What is the highest common divisor of 39 and o?
13
Let z be (-1)/(34/(-8) - -4). Suppose z*v - 4 = 0, -3*f = f + v - 93. Let g = f - 21. What is the highest common factor of 8 and g?
2
Let s(q) = 8*q**2 - 38*q + 74. Let k be s(9). Suppose -3*d - d = -20. Let x be 2/d + 188/5. What is the highest common factor of k and x?
38
Let a be 4*(4 - 119/30) - (-266)/30. Calculate the greatest common factor of a and 4464.
9
Suppose 0 = 6*x - 9 - 261. Let g(s) = -s**2 - 3. Let y be g(-2). Let z be 48/y*(-945)/18. Calculate the greatest common factor of x and z.
45
Let q = 6009 - 5417. What is the highest common divisor of 32 and q?
16
Suppose 2*k - 20*k = 0. Suppose 6*i - 378 - 414 = k. Calculate the greatest common factor of 4 and i.
4
Suppose -3*k - 2*m = -488, -3*k = -14*m + 10*m - 482. Let q = k - 159. Let x = 82 - 49. What is the highest common factor of q and x?
3
Suppose -74*r = -189*r + 1622880. What is the highest common divisor of r and 42?
42
Let y = 4263 + -4119. Let n = 219 + -210. Calculate the highest common divisor of y and n.
9
Suppose -5*m + 105 = 3*x + 2*x, 5*m + x = 93. Let c(f) = 23*f + 64. Let p be c(3). Let q = -124 + p. Calculate the highest common factor of q and m.
9
Let s = 198 - -1758. What is the greatest common factor of 48 and s?
12
Let z(x) = -x**2 + 106*x - 2549. Let b be z(64). Calculate the highest common factor of b and 15707.
139
Let s(y) = -y**3 + 85*y**2 - 298*y + 117. Let c be s(80). What is the greatest common divisor of c and 89?
89
Let i = 600 + -599. Let c be (-1886)/(-82) + (-2)/i. Let x be (-3 + 2 - -2) + 167. What is the highest common factor of c and x?
21
Let m be 15*59*(-9)/((-225)/10). Suppose -8 = 2*h, 3*i - 20*h = -19*h + 22. Calculate the greatest common factor of m and i.
6
Let n(c) = -142*c - 2036. Let q be n(-58). Calculate the greatest common factor of 600 and q.
200
Suppose -125 = x - 3*d, 0 = 2*x - 2*d + 316 - 66. Let h be (-6)/((-610)/x - 5). Calculate the highest common divisor of 25 and h.
25
Suppose -w + 4*s = -s - 29, w - 4*s = 33. Suppose 13*a + 1134 = 6*a. Let i = a - -358. What is the highest common factor of w and i?
49
Let b(l) = -l - 46. Let y be b(-19). Let p be (y - -26)*1*-2. Suppose -p*o - 186 = -3*o. Calculate the greatest common factor of o and 31.
31
Let u be 2 + 13384 + (2 - (-32)/24*3). Calculate the greatest common factor of 31 and u.
31
Suppose 5*x + l + 0 = 128, -5*l + 19 = 2*x. Calculate the greatest common factor of 531 and x.
9
Suppose 36*m - 879 - 129 = 0. Calculate the greatest common divisor of 1484 and m.
28
Suppose 3*j = 5*j. Let m be j + 2 + -6 + 34. Let o(g) = -41*g - 29. Let q be o(-1). What is the highest common factor of m and q?
6
Suppose 1 - 5 = -4*r. Let b be -2*r + (-75)/(-5). Suppose 2*z - 53 = w - 32, 0 = 2*z - 3*w - 11. Calculate the highest common divisor of b and z.
13
Let k(h) = 54*h**2 - 57*h - 361. Let w be k(-8). Calculate the greatest common factor of 67 and w.
67
Suppose -56582 + 69052 = 43*c. Calculate the highest common factor of 930 and c.
10
Let c(x) = 6*x - 6. Let b be c(2). Let j = -2 + 91. Let p = j - 87. What is the highest common divisor of p and b?
2
Let b be 20/(-2) - (-21 + 23). Let u be 2/(-14) - b/(-28)*-19. Calculate the greatest common divisor of 14 and u.
2
Let z = 3321 + -2010. Calculate the greatest common factor of 207 and z.
69
Let w(t) = 5*t**2 + 2*t + 21. Let s be w(-13). What is the greatest common factor of s and 1500?
60
Let y(p) = -103*p - 3. Let u be y(-5). Suppose 0 = -5*r - 53 - u. Let i = -99 - r. Calculate the greatest common factor of 56 and i.
14
Suppose 4*n - 163 = -29*o + 30*o, 0 = -n + o + 37. Suppose -i + 6*j - 4*j + 145 = 0, 4*i + 4*j = 592. What is the highest common divisor of n and i?
21
Let v = 264 + -39. Suppose 95 = 8*p - v. What is the highest common factor of p and 32?
8
Let q = -21 - -28. Let g(i) = 7*i**2 - 18*i + 115. Let f be g(q). What is the highest common divisor of f and 83?
83
Suppose -3*t = y - 3*y + 2112, 0 = 4*y - 4*t - 4220. Suppose -627 = -10*g + y.